
3, 5, 11, 17
What are the prime factors of (3 - 110/35)/1 - 213278/(-14)?
2, 3, 2539
Suppose q = -q - 8. Let p(t) = t**3 + 3*t**2 - 2*t + 10. Let v be p(q). Suppose -19 = v*h - 3*h. What are the prime factors of h?
19
Let w be ((-33)/(-4))/((-2)/152*1). Let n = 1946 + w. List the prime factors of n.
1319
Let i(v) be the third derivative of -v**3/6 - 21*v**2. Let q(g) = 7*g + 24. Let x(l) = -i(l) + q(l). What are the prime factors of x(9)?
2, 11
Let c(q) = -q**3 - 11*q**2 + 8*q - 5. Let b = 84 + -96. List the prime factors of c(b).
43
Let x(o) = 15*o + 70. Let r be (28/(-32)*6)/((-2)/8). What are the prime factors of x(r)?
5, 7, 11
Let m(k) = -15*k - 39. Let f be m(-4). Suppose -25*s + f*s = -1528. List the prime factors of s.
2, 191
Suppose 6*b - 3 = -3. Let q be b - 1 - (-20 + 9). List the prime factors of 158/4*14/(q + -3).
79
Let l(y) = -y**3 - 13*y**2 + 16*y + 38. Let x be l(-16). Suppose n - x = 5*k, 2*k - 2858 = -6*n + n. What are the prime factors of n?
2, 3, 5, 19
Let w = 1391 - -1853. What are the prime factors of w?
2, 811
Let v(x) = -x**3 - 5*x**2 + 5*x - 1. Let l be v(-6). Suppose 0 = 5*g - 4*o - 63 + 7, -4*g = -l*o - 43. Suppose 14*h - 184 = g*h. List the prime factors of h.
2, 23
Let i(t) = -12*t**3 + t**2 + t + 5. Let c(o) = o**3 - o**2 - 1. Let y be 9/(3/3) - (-1 - -4). Let d(v) = y*c(v) + i(v). List the prime factors of d(-3).
113
Suppose -d = -2*l - 861, d - 3*l + 472 = 1330. Suppose -28 = 5*m - 33, 5*g + 2*m = d. List the prime factors of g.
173
What are the prime factors of (2/3*20)/(9 + (-1045350)/116154)?
2, 3, 5, 239
List the prime factors of 45/(-12 + 3) + 7411.
2, 7, 23
Let p(z) = 12*z**2 - 12*z - 7. Let m = 161 + -165. What are the prime factors of p(m)?
233
Let k(v) = -v**3 + 34*v**2 + 79*v - 55. Let g be k(36). Suppose 0 = -204*a + g*a + 4319. What are the prime factors of a?
617
Let w(c) = 6*c**2 - 10*c - 20. Let y be w(-4). Suppose -y = -u + 4*d, 0*d - d + 101 = u. List the prime factors of u.
2, 13
Suppose 804225 = 126*i - 101*i. What are the prime factors of i?
3, 10723
Let x(b) = 2*b**2 + 9*b - 58. Let n be x(-8). List the prime factors of 4 + (-5 - -554) + (-6 - n).
3, 61
Let x be 1/7 - (-102895)/35. Suppose -6*t - t = -x. Suppose 0 = -5*h + t + 255. List the prime factors of h.
3, 5
Suppose 0 = -95*r + 5049087 - 1662907. What are the prime factors of r?
2, 7, 19, 67
Suppose 3630 = 8*k + 3*k. Suppose k - 321 = 3*y. List the prime factors of y.
3
Let j(g) = 9*g**2 + g - 7. Suppose -6*b - 14 = -7*b. Let z = b + -17. List the prime factors of j(z).
71
Let d = 11 - 6. Suppose -3*p + 1357 = d*n + 373, -5*p = n - 188. What are the prime factors of n?
2, 3, 11
Suppose 4*t - 408 = 4*v, 408 = -4*v + 15*t - 13*t. List the prime factors of 946 + -8 + v/(-6).
5, 191
Suppose -19853 = -13*d + 1214 + 2710. What are the prime factors of d?
31, 59
Suppose -153583 - 387 = -5*i + 5*n, 5*i - 153967 = 2*n. What are the prime factors of i?
7, 53, 83
Let c(z) = z**2 + z + 2. Let x(y) = 73*y**2 - 2*y - 4. Let r(b) = 6*c(b) + x(b). List the prime factors of r(-3).
7, 101
Let k(q) = -q**2 - 8*q + 2. Let j be k(-8). Let c(g) = 14*g**3 - 4*g**2 + 4. Let o be c(j). Suppose 0 = -8*x - o + 364. List the prime factors of x.
3, 11
Let n(h) = -10*h**2 + 1091*h + 153. List the prime factors of n(56).
3, 41
Suppose 20*l - 50243 - 234757 = 0. What are the prime factors of l?
2, 3, 5, 19
Suppose 23*n - 38 = 31. Suppose l - 284 - 79 = -4*g, -4*g = n*l - 1121. What are the prime factors of l?
379
Suppose 0 = 4*z - 97798 + 23394. What are the prime factors of z?
11, 19, 89
Let a = -109 - -103. Let v(t) = -6*t + 17. List the prime factors of v(a).
53
Let d = -149 - -159. Suppose d*t + 1299 - 3099 = 0. What are the prime factors of t?
2, 3, 5
Let k = 75 - 119. Suppose 5*v = -2*h + 6*h - 13, 0 = h + 2*v + 13. Let s = h - k. List the prime factors of s.
41
Suppose 1888*h = 1886*h + 422. Let y be ((-1)/(-2))/(1/(-254)). Let x = y + h. What are the prime factors of x?
2, 3, 7
Suppose 5*g + 141 = -124. Let r = g - -64. Let w(u) = u**3 - 11*u**2 + 7*u - 25. What are the prime factors of w(r)?
2, 13
Suppose v + 28 = 5*v. Let k(o) = 4*o**2 - 19*o - 6. Let l be k(v). Let c = l - -25. What are the prime factors of c?
2, 41
Suppose 52*r - 217239 - 223357 = 0. What are the prime factors of r?
37, 229
List the prime factors of 30168*1 + (30 - 16).
2, 15091
Suppose -62924 = 31*r - 440867 - 248629. List the prime factors of r.
2, 31, 163
Let h(t) = -t**2 - 7*t - 9. Let m be h(-4). Suppose 3*j + 111 = a - 96, -4*a + 846 = -m*j. What are the prime factors of a?
3, 71
Suppose 5*z - y = 22, -2*z + 4*y = y - 14. Suppose -4*q + z*a = -304, -2*q + 3*a + 149 = 4*a. Let t = q - 64. What are the prime factors of t?
11
Let s(n) = -n**2 - 18*n - 5. Let r be s(-17). Suppose t - r*t = -4125. Suppose -4*x = -t - 21. List the prime factors of x.
3, 11
Let s(a) = 11*a - 3. Let r be s(1). Suppose 0 = 5*u + 10, 4*n - 6*u - 2340 = -r*u. What are the prime factors of n?
2, 293
Suppose 4*p - 210834 = -27*p - 8*p. What are the prime factors of p?
2, 3, 17, 53
Let a be (-48)/60 + 1836/(-5). Let u = 534 + a. List the prime factors of u.
2, 83
Let p(t) = 39*t**2 - 63*t - 992. List the prime factors of p(-22).
2, 5, 41, 47
Let y(u) = 216*u**3 - u**2 + u + 1. Let c be y(-1). Let v = c + 692. List the prime factors of v.
5, 19
Let r(b) = 18*b**3 - b**2 - 9*b - 17. Let q be r(5). List the prime factors of (-2 + q/(-14))*-6.
3, 313
Let p = 7760 + -4950. Suppose -j - 77 = -2*h, 5*h = -4*j - j + 215. List the prime factors of p/h - 1/4.
2, 5, 7
Suppose 12 = -b + 4*b. Suppose 0 = 3*f - b*f + 249. List the prime factors of f/5 + 2 + (-10)/(-50).
2, 13
Suppose 29*r = 30*r + 1, 34401 = 4*w + 3*r. List the prime factors of w.
3, 47, 61
Let f be 1 + (-2)/8 + 72/32. Suppose -4*u + 16 = -2*p, -4*p = -f*u - 3*p + 11. Suppose 0 = u*l - 374 + 53. What are the prime factors of l?
107
Let n(u) = -4*u**2 - u + 1. Let s be n(1). Let x be 6/s*20/(-15). What are the prime factors of x/(-3) - (-472)/6?
2, 3, 13
Let p(b) = -437*b**3 + 22*b**2 - 10*b - 88. What are the prime factors of p(-5)?
3, 18379
Let b = -9472 - -17757. List the prime factors of b.
5, 1657
Let d(u) = 112*u + 33. Let y be d(6). Suppose 783 = 2*j - 2*i - y, 0 = 2*i + 4. What are the prime factors of j?
2, 7, 53
Let d(y) be the third derivative of -3*y**4/2 + 27*y**3/2 - 23*y**2. What are the prime factors of d(-9)?
3, 5
Let z = -57 + 60. List the prime factors of (627/2)/(z/4).
2, 11, 19
Suppose 2*d + 309 = 2*u + 17589, -2*d - 2*u + 17276 = 0. List the prime factors of d.
53, 163
Let d(x) = 398*x**3 + 7*x**2 - 7*x. Let h be d(1). Let q = h - 338. List the prime factors of q.
2, 3, 5
Suppose -4*d = 90 - 102. List the prime factors of -2 - ((-1 + -5)/d - 70).
2, 5, 7
Let f(k) = 34*k - 9. Suppose -6*c + 57 = 9. List the prime factors of f(c).
263
Let p(u) = 4*u - 28. Let g be 4*(-1)/(-8) - (-45)/6. Let b be p(g). Suppose -b*n + 533 = 13. What are the prime factors of n?
2, 5, 13
Suppose -3*s - 237*r + 241*r = -48187, 5*s - 4*r = 80293. What are the prime factors of s?
3, 5351
Let n(v) = -15*v - 128. Let c be n(-11). Let d = c - -563. List the prime factors of d.
2, 3, 5
Let b = -21 - -20. Let v be (-9 + 2/1)/b. Suppose h + 474 = v*h. List the prime factors of h.
79
Let u(x) = 11*x**3 - 4*x**2 + 7*x - 10. Let y be u(2). Let t(r) = r**2 + 2*r + 9. Let s be t(0). Suppose -13*b = -s*b - y. List the prime factors of b.
19
Let x(h) = 2*h**3 - 17*h**2 - 8*h - 5. Suppose 4*v + 54 = 10*v. Let w be x(v). Suppose p - 13 = -0*p - u, 22 = p + w*u. List the prime factors of p.
2, 5
Let c(a) = 413*a + 260. List the prime factors of c(2).
2, 3, 181
Suppose c + 14008 - 97044 = 4*n, -83044 = 4*n + c. Let u be 1/(5*(-4)/n). Suppose 11*w - u = 84. What are the prime factors of w?
2, 3, 17
Suppose -u = -p + 17676, -5*u - 40773 = -4*p + 29927. Suppose -p = -50*a + 40*a. List the prime factors of a.
2, 13, 17
Suppose -13 = -o + 14*o. List the prime factors of -5*44/(-20)*(35 + o).
2, 11, 17
Suppose -13*i + 40 = -3*i. What are the prime factors of i + 12/(-102) + 6479/17?
5, 7, 11
Let b(o) = 9*o**2 - 7*o - 51. Suppose -18*t + 151 = 25. What are the prime factors of b(t)?
11, 31
Suppose h - 4*h + 15 = 0. Suppose b + 6*s - 641 = 9*s, -5*b + h*s = -3245. List the prime fac